022002
What is -47206 (base 15) in base 5?
-24222311
1807035 (base 9) to base 12
407a88
What is -11001100010011001 (base 2) in base 4?
-121202121
-1051410 (base 6) to base 7
-311661
What is 132144554 (base 6) in base 8?
12012326
What is -1432032 (base 6) in base 12?
-3b618
Convert -46c005 (base 13) to base 6.
-100023123
-38550174 (base 9) to base 8
-110151771
What is 3361211 (base 7) in base 15?
83db8
Convert -204200143 (base 5) to base 3.
-1121012001021
Convert 4088508 (base 9) to base 5.
1024400442
What is -243492 (base 10) in base 5?
-30242432
c401d (base 15) to base 10
621028
4432304433 (base 5) to base 4
210310012322
Convert -a8bb21 (base 14) to base 12.
-1ab8ba9
Convert -18ec3d (base 15) to base 9.
-2250734
What is 7bd359 (base 14) in base 8?
20071303
What is -246210 (base 9) in base 16?
-24597
What is -21813 (base 9) in base 4?
-3202233
Convert -11231543 (base 8) to base 5.
-1111003422
What is -84255 (base 12) in base 9?
-283462
What is -54113655 (base 7) in base 12?
-1663216
7470167 (base 11) to base 13
2954592
What is 14034135 (base 7) in base 10?
1302789
What is 109a100 (base 15) in base 8?
55243441
2b5191 (base 12) to base 16
b35bd
Convert -11cc1 (base 13) to base 6.
-412303
Convert -162973 (base 15) to base 9.
-2013460
c7da3 (base 14) to base 6
14203335
What is 104791 (base 12) in base 5?
31204421
Convert -47348 (base 12) to base 6.
-2014132
Convert -4545526 (base 7) to base 3.
-1001202200221
Convert 20202313332 (base 4) to base 9.
4183626
What is -320032120 (base 5) in base 4?
-11010301231
Convert 30131211110 (base 4) to base 8.
14354524
-25262040 (base 7) to base 6
-120542213
Convert 286291 (base 13) to base 16.
f0688
Convert 31415300 (base 6) to base 13.
262a13
Convert 1bda6 (base 14) to base 6.
1310022
Convert 10124214 (base 5) to base 8.
242163
Convert -161751 (base 9) to base 5.
-11143012
What is -54909 (base 14) in base 6?
-4220141
-104e8 (base 15) to base 14
-14bdd
4b3510 (base 13) to base 2
110111001000111001000
What is 9b1b2b (base 13) in base 15?
4c4636
Convert -15160362 (base 7) to base 2.
-101100000010101111000
c5bb7 (base 14) to base 11
2a6443
17774853 (base 9) to base 16
88cf32
Convert 3440355 (base 6) to base 16.
2b10f
What is 1001101011001100111 (base 2) in base 3?
121002212220
-21041 (base 5) to base 2
-10101110100
Convert -ac260b (base 13) to base 8.
-17373631
Convert 24a01b (base 12) to base 2.
10010001111110010111
2a106 (base 13) to base 2
10011010110100011
What is 3be6c (base 16) in base 7?
2041216
Convert -135303 (base 11) to base 13.
-75654
Convert -301310320230 (base 4) to base 2.
-110001110100111000101100
What is 1075532 (base 8) in base 13?
a3900
-3167066 (base 8) to base 6
-30055114
Convert -21403314 (base 5) to base 4.
-231020002
What is -1104277 (base 9) in base 6?
-20420154
Convert -3106161 (base 7) to base 9.
-626136
What is -4f33c (base 16) in base 6?
-10541524
102456145 (base 7) to base 4
113030233000
What is 23e2e (base 15) in base 9?
184138
b788 (base 13) to base 12
1289a
Convert -12232212022 (base 4) to base 7.
-20664022
467553 (base 12) to base 7
12425052
Convert -126384 (base 13) to base 3.
-211110121020
Convert -1717498 (base 12) to base 7.
-55320302
What is -251423230 (base 6) in base 2?
-10010011101101001000010
Convert 2683947 (base 12) to base 16.
748987
384650 (base 13) to base 11
843a54
40e9 (base 15) to base 7
54666
What is 120414 (base 10) in base 16?
1d65e
What is -21304153 (base 6) in base 14?
-125c45
Convert 101120102321 (base 4) to base 11.
2631a63
Convert 10895 (base 12) to base 7.
121100
What is -408390 (base 10) in base 4?
-1203231012
-9a23 (base 13) to base 7
-116442
-4ab1b (base 12) to base 10
-101831
Convert 651257 (base 9) to base 5.
44404132
What is 102112103231 (base 4) in base 9?
10041025
What is -211123 (base 6) in base 9?
-25426
Convert -760033 (base 11) to base 10.
-1215239
What is -130506626 (base 7) in base 9?
-16583365
-1185837 (base 11) to base 5
-1011314103
Convert 541485 (base 10) to base 5.
114311420
What is 202015 (base 6) in base 2?
11111001111011
What is -544357 (base 12) in base 14?
-26a4a7
13402255 (base 6) to base 13
12a6b5
Convert 12402422443 (base 5) to base 16.
e92684
-79395 (base 10) to base 3
-11000220120
12411324341 (base 5) to base 13
3240c49
-32421454 (base 7) to base 3
-12020011102201
1001011100110110101011 (base 2) to base 8
11346653
52ac47 (base 14) to base 11
163a593
-55497 (base 16) to base 10
-349335
Convert -5601212 (base 8) to base 5.
-341223403
100322110100 (base 4) to base 5
2113330133
-412404141 (base 5) to base 10
-1684921
-26731571 (base 8) to base 7
-102040024
Convert -1233515 (base 6) to base 14.
-1a571
What is 1000110000001001001110 (base 2) in base 13?
624406
Convert 1050303 (base 6) to base 10.
53247
-7866721 (base 9) to base 5
-2041034210
-11022020021 (base 3) to base 12
-41051
Convert 4486166 (base 11) to base 3.
112210010001220
What is -13ba81 (base 14) in base 5?
-133412304
What is -10120301122 (base 4) in base 2?
-100011000110001011010
What is -8aaa (base 14) in base 6?
-303222
What is -121343324 (base 5) in base 4?
-2030111313
6355422 (base 9) to base 15
473292
Convert 605712 (base 10) to base 11.
384098
Convert 57493 (base 15) to base 7.
2234610
Convert 13232154 (base 6) to base 13.
125284
Convert 17305 (base 11) to base 13.
b0c3
Convert -4231032 (base 5) to base 4.
-101101233
Convert -d64b3 (base 16) to base 8.
-3262263
What is -616038 (base 9) in base 8?
-1311320
-94431 (base 10) to base 11
-64a47
What is -c9dbf (base 16) in base 15?
-114eb0
114130105 (base 7) to base 3
111022212001111
Convert 4be37 (base 15) to base 14.
646cb
What is 12726725 (base 8) in base 14?
5472bb
What is 71c25 (base 15) in base 16?
58025
-10212033110 (base 4) to base 11
-753540
-1863258 (base 11) to base 9
-5833787
-40632c8 (base 13) to base 7
-324424415
Convert 284200 (base 9) to base 14.
47408
Convert 1010213200 (base 5) to base 11.
1172658
What is dae462 (base 15) in base 8?
47613777
What is 4014314 (base 5) in base 13?
22cc9
What is 3325020 (base 7) in base 8?
1440453
-255340 (base 6) to base 3
-1011212220
-10402112 (base 5) to base 4
-112030123
Convert -19629 (base 11) to base 16.
-6af1
-1123330212 (base 4) to base 10
-376614
Convert -1132000333 (base 4) to base 7.
-3162463
31026222 (base 7) to base 5
1131022002
-924402 (base 11) to base 7
-15422065
Convert -10111211212 (base 3) to base 16.
-10e17
Convert -230b43 (base 12) to base 15.
-b158c
Convert -52398 (base 12) to base 3.
-12110201022
1d7c81 (base 15) to base 12
59774a
-15050302 (base 6) to base 4
-1332321332
-24243235 (base 6) to base 14
-15dc35
What is 100101010111010111 (base 2) in base 12?
7469b
What is 12112121111 (base 3) in base 6?
2200534
-111010111101100010 (base 2) to base 10
-241506
Convert 10011121221 (base 3) to base 6.
1200554
3132 (base 6) to base 2
1011000000
What is -278c55 (base 15) in base 4?
-13100210321
Convert -672049 (base 10) to base 5.
-133001144
Convert 1636217 (base 8) to base 14.
c4b95
What is -a91044 (base 11) in base 6?
-101212254
What is 12b97a (base 15) in base 8?
3335462
Convert -12d7b4 (base 14) to base 8.
-2371122
Convert -1000011110111001111 (base 2) to base 6.
-5542515
What is bcd02 (base 16) in base 14?
161bb4
What is 116031 (base 10) in base 12?
57193
Convert 44640335 (base 8) to base 2.
100100110100000011011101
Convert 1332151501 (base 6) to base 9.
33204081
74317 (base 9) to base 6
1015154
Convert -101021101220212 (base 3) to base 11.
-309a325
-1645a8 (base 11) to base 15
-50814
What is 2328372 (base 11) in base 8?
17406527
What is -72a852 (base 15) in base 10?
-5452502
-2416450 (base 7) to base 11
-19a8a8
-4403061 (base 7) to base 11
-338976
What is 933c (base 14) in base 15?
7793
Convert 167650 (base 9) to base 15.
20c69
-134553032 (base 6) to base 13
-754862
What is 874c (base 14) in base 15?
6de7
Convert -5457 (base 8) to base 9.
-3831
What is 246dd (base 15) in base 10?
116308
4004200 (base 6) to base 2
101101110010101000
Convert 19a476 (base 11) to base 14.
7daad
What is 133328a (base 14) in base 4?
203112130322
What is -413004141 (base 5) in base 12?
-694a66
1273947 (base 10) to base 11
7a0154
-705f (base 16) to base 5
-1410032
-a1615 (base 16) to base 12
-27a645
-42114031 (base 5) to base 7
-2646424
Convert -1395aca (base 13) to base 